*a**2 + 55*a - 23. Determine u(-20).
-323
Let i(v) = -89*v**2 + 5516*v + 82. Calculate i(62).
-42
Let g(h) = 2*h + 136. What is g(-24)?
88
Let s(n) = -n**2 + 62*n - 588. Give s(11).
-27
Let m(t) = -32*t**2 + 27. Calculate m(3).
-261
Let m(j) = -3*j**2 + 37*j - 34. Determine m(12).
-22
Let p(b) = -b**3 - 18*b**2 - 24*b - 169. Determine p(-17).
-50
Let m(i) = 21*i - 18. Determine m(-14).
-312
Let h(f) = -2*f**3 + 32*f**2 + 116*f - 47. Determine h(19).
-9
Let n(f) = -f**2 - 12*f + 50. What is n(-15)?
5
Let q(m) = 20*m + 635. Give q(-31).
15
Let g(h) = -99*h - 1066. Determine g(-11).
23
Let k(w) = -w**2 - 52*w + 837. Determine k(-65).
-8
Let k(t) = 1363*t - 4085. Give k(3).
4
Let a(q) = -384*q + 3470. Determine a(9).
14
Let s(g) = 1224*g**2 - 2454*g + 4. Give s(2).
-8
Let q(m) = m**2 + 223*m + 11300. What is q(-78)?
-10
Let s(i) = -i**2 + 122*i + 32378. Give s(251).
-1
Let o(u) = -3*u**2 + 158*u - 1859. Determine o(17).
-40
Let i(b) = -3*b**3 + 26*b**2 - 28*b + 98. Determine i(8).
2
Let n(r) = -2*r**3 - 6*r**2 + 86*r + 49. Determine n(7).
-329
Let i(f) = -f**3 + 17*f**2 - 21*f + 60. What is i(13)?
463
Let y(n) = -72*n**2 - 32*n + 44. What is y(-1)?
4
Let b(n) = -n**3 - 37*n**2 - 23*n + 636. Give b(-36).
168
Let q(g) = -2*g**3 - 6*g**2 - 12*g - 2. Calculate q(-2).
14
Let k(f) = -f**2 - 35*f - 184. Determine k(-5).
-34
Let g(l) = -8*l**2 + 8*l - 9. What is g(1)?
-9
Let i(q) = -56*q - 337. Determine i(-6).
-1
Let v(c) = c**3 - 6*c**2 + 14*c - 36. Determine v(5).
9
Let z(u) = -5*u**2 - 161*u - 864. Determine z(-25).
36
Let v(d) = -d**3 - 6*d**2 + 456*d + 2778. Give v(-6).
42
Let c(b) = -29*b - 176. Determine c(-5).
-31
Let p(r) = 14*r**2 + 4120*r + 1180. What is p(-294)?
4
Let z(s) = -2466*s - 39456. Give z(-16).
0
Let s(d) = -2*d**3 + 34*d**2 + 81*d - 89. Determine s(19).
6
Let n(i) = -4618*i + 36933. Determine n(8).
-11
Let g(z) = 5*z**2 - 31*z - 94. Determine g(14).
452
Let z(k) = k**2 + 18*k + 35. Give z(-5).
-30
Let x(a) = -409*a**2 - 32*a - 3. Give x(-1).
-380
Let n(a) = -6*a**3 - 7*a**2 + 59*a + 121. What is n(-2)?
23
Let l(y) = -y**3 + 35*y**2 - 31*y - 101. Give l(34).
1
Let j(g) = 7*g**2 - 30*g - 63. Give j(-2).
25
Let q(o) = -123*o + 2712. Determine q(22).
6
Let j(v) = -5076*v + 10149. Determine j(2).
-3
Let p(d) = -419*d + 10043. Calculate p(24).
-13
Let p(m) = -2*m**2 - 3*m - 47. What is p(-5)?
-82
Let y(b) = -949*b + 8580. Calculate y(9).
39
Let j(i) = i**3 - 14*i**2 - 57*i - 180. What is j(17)?
-282
Let x(f) = -f**3 - f + 30. Calculate x(-6).
252
Let n(o) = -2*o**2 + 9*o + 207. What is n(17)?
-218
Let i(b) = -46*b - 316. Calculate i(-7).
6
Let t(o) = -20*o**2 - 3*o + 157. Calculate t(-3).
-14
Let h(p) = p**2 - 374*p + 3649. Calculate h(10).
9
Let d(w) = -9*w**2 + 702*w - 3508. Give d(5).
-223
Let l(q) = -99*q**2 - 33*q + 1. What is l(1)?
-131
Let i(h) = -5675*h + 45405. What is i(8)?
5
Let v(q) = -43*q**2 + 130*q - 129. Calculate v(1).
-42
Let j(r) = -131*r + 2885. Calculate j(22).
3
Let u(d) = -4*d**2 + 81*d + 39. What is u(21)?
-24
Let s(a) = 6*a**3 - 16*a**2 - 31*a + 12. Give s(-2).
-38
Let a(i) = -9*i**2 - 94*i - 15. Determine a(-10).
25
Let v(a) = a**2 + 25*a + 179. Determine v(-26).
205
Let y(g) = -g**2 + 39*g - 231. Give y(32).
-7
Let l(h) = -4*h**3 - 3*h**2 - 4*h + 7. Determine l(2).
-45
Let u(l) = 51*l - 1622. What is u(27)?
-245
Let w(z) = z**3 - 19*z**2 + 18*z - 11. Calculate w(18).
-11
Let x(j) = -23*j - 13. Calculate x(5).
-128
Let v(l) = -l**3 + 218*l**2 + 2278*l - 22. Determine v(-10).
-2
Let g(a) = -a**2 + 7*a + 8. What is g(9)?
-10
Let g(m) = 106*m - 20. What is g(-2)?
-232
Let c(x) = 544*x - 3809. What is c(7)?
-1
Let l(r) = -20*r**3 + 2*r**2 + 3*r + 5. Give l(-2).
167
Let y(i) = 53*i + 2612. What is y(-50)?
-38
Let v(a) = -a**2 - 63*a - 966. Determine v(-36).
6
Let p(c) = 52*c + 4897. What is p(-94)?
9
Let d(i) = -i**2 - 34*i + 145. What is d(-38)?
-7
Let w(d) = d**2 - 22*d + 19. Determine w(20).
-21
Let u(f) = 7*f**3 - 30*f**2 + 7*f - 23. Calculate u(3).
-83
Let j(y) = y**3 - 25*y + 211. What is j(0)?
211
Let m(n) = 2*n**2 - 51*n + 201. Give m(20).
-19
Let o(r) = 110*r + 1632. Give o(-15).
-18
Let z(k) = 9*k**2 - 31*k - 133. What is z(-3)?
41
Let j(a) = a**3 - 19*a**2 + 46*a - 149. Calculate j(17).
55
Let h(a) = a**3 + 29*a**2 - 30*a - 1. What is h(-30)?
-1
Let a(x) = x**3 + x**2 - 5*x - 36. Calculate a(6).
186
Let k(v) = -98*v + 82. Calculate k(3).
-212
Let h(b) = 6*b - 53. Determine h(8).
-5
Let c(g) = -4*g**2 - 115*g - 183. What is c(-27)?
6
Let t(d) = -d**2 + 179*d - 6895. What is t(123)?
-7
Let w(q) = -14*q**2 + 279*q + 15. Determine w(20).
-5
Let t(k) = -5*k**3 - 8*k**2 - 3*k - 2. Give t(-2).
12
Let f(y) = y**3 - 37*y**2 + 44*y - 347. Determine f(36).
-59
Let c(g) = 24*g - 278. Calculate c(11).
-14
Let u(s) = s**3 + 8*s**2 - 35*s + 38. Give u(-7).
332
Let x(s) = -18*s**3 - 89*s**2 + 93*s + 439. What is x(-5)?
-1
Let i(p) = -8*p + 34. Determine i(30).
-206
Let x(l) = l**3 + 11*l**2 + 7*l - 6. What is x(-10)?
24
Let t(u) = u**3 + 14*u**2 - 34*u - 45. Calculate t(-16).
-13
Let r(v) = -2*v**3 - 371*v**2 + 195*v + 1598. Calculate r(-186).
-76
Let c(a) = 1649*a - 23. Give c(0).
-23
Let k(d) = -2862*d + 5702. Determine k(2).
-22
Let m(r) = -8121*r - 316714. Calculate m(-39).
5
Let q(g) = 3*g**2 - 111*g + 493. Determine q(7).
-137
Let c(v) = -36*v + 652. What is c(31)?
-464
Let z(i) = -i - 9. Calculate z(-10).
1
Let d(o) = -o**3 - 9*o**2 + 28*o + 115. Calculate d(-11).
49
Let f(o) = -3*o**3 - 14*o**2 - 26*o - 10. Give f(-5).
145
Let w(g) = 14*g - 211. Calculate w(21).
83
Let h(a) = 5*a - 250. Give h(24).
-130
Let a(b) = b**2 - 2152*b - 6467. Determine a(-3).
-2
Let l(t) = 6*t + 441. Give l(-48).
153
Let o(j) = -33*j**2 - 368*j - 46. Give o(-11).
9
Let x(w) = -3*w**2 + 104*w + 750. Calculate x(-7).
-125
Let t(d) = -d**3 + 23*d**2 + 36*d - 51. Determine t(24).
237
Let r(i) = -2*i**2 + 24*i - 72. Determine r(14).
-128
Let j(l) = 7*l + 28. Determine j(-5).
-7
Let z(v) = 86*v - 12. Calculate z(1).
74
Let h(s) = 192*s - 6. Give h(1).
186
Let h(v) = -1095*v + 15312. Give h(14).
-18
Let t(s) = -s**3 + s**2 + 123*s - 9. Calculate t(-9).
-306
Let z(u) = u**3 + 37*u**2 + 288*u + 46. What is z(-26)?
-6
Let u(v) = 2*v**2 - 7*v - 706. Determine u(-17).
-9
Let r(c) = 3*c**3 - 32*c**2 + 122*c - 1039. What is r(10)?
-19
Let k(f) = -30*f**3 + 18*f - 20. Determine k(1).
-32
Let w(d) = -141*d**2 + 9*d - 2. What is w(-1)?
-152
Let a(j) = -j**3 + 62*j**2 - 816*j - 36. What is a(19)?
-17
Let o(a) = -a**3 + 20*a**2 + 16*a + 189. What is o(21)?
84
Let h(n) = 33*n**3 + 2*n**2 - 88*n - 173. Determine h(-2).
-253
Let z(a) = 2*a**2 + 3*a + 90. Calculate z(-6).
144
Let k(a) = -a**3 - a**2 + 15*a - 26. What is k(2)?
-8
Let j(t) = -t**3 - 6*t**2 - 7*t - 63. Calculate j(-6).
-21
Let c(u) = -4*u**2 - 4*u + 31. Determine c(-3).
7
Let s(b) = -b**3 + 31*b - 2. What is s(0)?
-2
Let t(l) = -l**3 + 25*l**2 - 53*l - 272. Determine t(22).
14
Let d(k) = -8*k**3 + k**2 + 9*k + 7. Determine d(-1).
7
Let g(v) = 3*v**2 + 217*v - 453. Give g(2).
-7
Let f(x) = x**3 - x**2 - 172*x - 8. Give f(0).
-8
Let n(o) = 6*o**2 + 104*o - 670. Give n(5).
0
Let y(a) = -2*a**3 - 60*a**2 - 41*a + 68. Determine y(-29).
-425
Let v(w) = w**3 - 21*w**2 + 113*w - 1871. What is v(20)?
-11
Let i(p) = 55*p + 364. Calculate i(-7).
-21
Let f(x) = 5*x**3 + 16*x**2 + 13*x - 46. Give f(5).
1044
Let m(t) = 1620*t + 115023. Determine m(-71).
3
Let b(o) = 33*o - 125. Calculate b(3).
-26
Let i(t) = 2*t**3 - 32*t**2 - 83*t + 185. Determine i(18).
-13
Let g(j) = 180*j + 3597. Calculate g(-20).
-3
Let y(k) = -k**2 - 379*k - 16989. Determine y(-52).
15
Let s(h) = -27*h**2 - 125*h + 719. What is s(-8)?
-9
Let a(z) = -z**3 + 24*z**2 - 24*z - 1. Give a(23).
-24
Let z(k) = -4*k**3 + 372*k**2 + 64*k - 5950. What is z(93)?
2
Let p(a) = -a**2 - 18*a + 34. Give p(3).
-29
Let o(c) = -12*c**2 + 62*c + 346. Calculate o(-5).
-264
Let z(o) = 32*o**2 + 7*o + 4. What is z(1)?
43
Let z(v) = 3*v**2 + 22*v - 47. Determine z(2).
9
Let x(d) = d**2 - 5*d + 92. What is x(-17)?
466
Let n(u) = 2*u**3 - 23*u**2 + 34*u + 21. Determine n(6).
-171
Let w(h) = -h**3 + 6*h**2 - 661*h + 1968. Give w(3).
12
Let i(r) = -1409*r + 70466. What is i(50)?
16
Let o(r) = 1255*r - 33880. Give o(27).
5
Let p(d) = 5*d**2 - 128*d + 21. Calcula